Suppose 0 = -3*a + k, a = -4*h - 4*a + 76. What is the highest common divisor of h and 154?
14
Let i = 36044 + -35997. What is the highest common divisor of i and 54?
1
Suppose 0 = -121*z + 86250 + 16237. What is the greatest common divisor of 484 and z?
121
Let h = -666 - -668. Suppose 0 = -4*w + 2*y + 91 - 17, 31 = w + h*y. What is the greatest common divisor of 357 and w?
21
Suppose 3*m = 3*r + 3657, 758*r = 755*r - 12. What is the highest common factor of m and 30?
15
Let b = -6708 - -6747. Calculate the greatest common factor of 143 and b.
13
Let s be 202/6 + 6/(-9). Suppose -3*f + 6*f - s = 0. Suppose -4*r = 126*q - 123*q - 208, -20 = 5*q. Calculate the greatest common divisor of f and r.
11
Let d be (72/(-30))/((-15)/25). Suppose -8 = d*j, 4*o - 2*j - 1279 = -o. What is the highest common divisor of 51 and o?
51
Let i be 5/(60/48) + 314. What is the greatest common divisor of i and 1166?
106
Suppose -8*z - 3 + 27 = 0. Suppose -z*g - 194 = -530. Let t be g - (1/((-3)/(-9)) + -1). What is the greatest common factor of t and 22?
22
Suppose -3041 = -r - 4*n, 5*r + n = -n + 15259. What is the greatest common divisor of 213 and r?
71
Suppose -333*a + 11901060 = 4400568. Calculate the highest common divisor of 12 and a.
12
Suppose 5*s - n = 3205 - 223, -2*s - 2*n = -1176. What is the highest common divisor of 4505 and s?
85
Suppose -4*g + 2*a = -304, 3*g - 176 = 144*a - 149*a. Calculate the greatest common divisor of g and 4344.
24
Let r(n) = -4*n**2 + 58*n - 23. Let m be r(14). Suppose 0 = v - 6*v - 250. Let a be 5/(v/(-56))*m. What is the highest common divisor of a and 112?
28
Suppose -190*t + 1858921 = 110*t + 310321. Calculate the greatest common factor of 178 and t.
178
Suppose -155 = 6*g - 1379. Let f = -198 + g. Let m be 48*1*(2 - 1). Calculate the greatest common factor of f and m.
6
Let p = -268 - -282. Suppose 2*x = r + 4*r - 1818, 2*r = 4*x + 724. Calculate the greatest common factor of p and r.
14
Let b = -2925 - -2943. What is the greatest common divisor of b and 8973?
9
Suppose -3*a = 5 - 20. Suppose -a*d - 56 + 296 = 0. Let h be 16/(5/(20/8)). Calculate the greatest common factor of h and d.
8
Suppose 4*r + 18 - 4 = p, 3*p + 10 = -r. Let z(s) = -130*s**3 + 6*s**2 + 15*s. Let o be z(p). What is the greatest common factor of 22 and o?
22
Let i(w) = -365*w - 8359. Let v be i(-23). What is the highest common factor of 3756 and v?
12
Let v = 66 + -40. Let q be -10 + 10 + 2/((-4)/v). Let t be 7 + (-410)/(-130) + 2/q. What is the greatest common divisor of t and 10?
10
Suppose -801*p + 3*g = -796*p - 26087, 2*g + 5223 = p. Calculate the highest common divisor of 140 and p.
35
Suppose 0 = -d + 5*r - 12, 0 = -4*r - r. Let a = -3 - d. Suppose 31*j - 67*j = 53*j - 5607. Calculate the highest common factor of a and j.
9
Let m(p) = 12*p**2 - 13*p + 12. Let g be m(4). Calculate the greatest common divisor of 1558 and g.
38
Let m be 1164/36 - (-1)/(-3). What is the greatest common divisor of m and 3424?
32
Let h(a) = -32*a**2 - 8*a + 18. Let n be h(2). Let p = n + 189. Calculate the greatest common factor of 84 and p.
21
Suppose 5*g + s - 206 = -61, -4*s = -5*g + 145. Let p = 37 - g. Calculate the greatest common factor of p and 20.
4
Let r be (-6 - 32/(-6))*-15. Let y = 111 + -46. Let c = -45 + y. What is the highest common factor of c and r?
10
Let z(p) be the second derivative of 9*p + 0 - 1/2*p**2 - 4/3*p**3. Let b be z(-5). Calculate the greatest common divisor of 13 and b.
13
Let l(z) = 24*z - 11. Let w be l(-5). Let s = w + 136. Let v be s*((-612)/30)/(-6). Calculate the highest common divisor of v and 136.
17
Suppose 22*r = 7*r + 3795. Suppose 2*f = -8, 0 = 4*g - f - 0 - 96. Calculate the highest common divisor of g and r.
23
Let o = 2645 + -2633. Suppose -2*n - 4*w = 8, 0*w - 5*w = -n + 17. Suppose -n*b = -5*y + 59, -4*b = -0*b - o. What is the highest common divisor of y and 39?
13
Suppose -s - 5*c + 4415 = 0, -5*s = -0*c - 2*c - 22048. Calculate the highest common divisor of 18 and s.
18
Let r = 715 - 429. Suppose 296*d - r*d - 680 = 0. Calculate the highest common factor of d and 119.
17
Let z(y) be the second derivative of 2*y**3/3 + 6*y**2 - 4*y. Let i be z(7). Suppose -i = 3*f - 7*f. Calculate the highest common divisor of 25 and f.
5
Let c = 13 - -95. Suppose n - 2 = 0, -p - n + 2*n + 80 = 0. Let v = p + -46. Calculate the highest common factor of c and v.
36
Let l be -13*(-1)/((-4)/(-36)). Suppose 0 = 5*t + 2*r - 99 - 129, 3*r - 232 = -5*t. Suppose -8*w + t = -28. What is the highest common factor of w and l?
9
Let s(v) = -v**2 - 13*v + 3. Let t be s(-13). Suppose -4*a + 0*q + 397 = -q, a - 109 = -t*q. What is the highest common factor of a and 40?
20
Suppose -6559 = -189*z + 103250. What is the highest common factor of 7 and z?
7
Suppose h - 4*h - 3*r = -678, 5*h = 4*r + 1085. Suppose 5*b - n = 169, 0 = -6*n - 31 + 37. Calculate the highest common factor of h and b.
17
Suppose 0 = x + 45 + 18. Let w = -54 - x. Let s = 22 - w. Calculate the highest common factor of 26 and s.
13
Let v(i) = -19*i**3 + 65*i + 126. Let k be v(-2). Calculate the highest common factor of 74 and k.
74
Suppose -12635 = -111*p - 128*p - 924. Calculate the highest common divisor of 18963 and p.
49
Suppose 44156*z = 44139*z + 65246. What is the greatest common divisor of z and 1616?
202
Suppose -58*a - 720 = -120*a + 58*a. What is the highest common divisor of 1152 and a?
36
Let i(z) = z**2 - 4*z. Let h be i(4). Let a = -4063 + 4065. Suppose a*w - 301 - 689 = h. What is the highest common factor of 55 and w?
55
Let v(o) = o**3 - 5*o**2 + 5*o - 32. Let c be v(6). Let w = c + -12. Let b be ((-4)/(-7))/(w/77). Calculate the highest common factor of 16 and b.
2
Suppose -b - 4*u - 7 = 0, -5*u + 10 = -5*b - 0*u. Let r(v) = -2*v**3 - 2*v**2 - 10*v - 4. Let g be r(b). Calculate the highest common factor of g and 62.
62
Let x(n) = 450*n - 28280. Let g be x(63). Let k(q) = 174*q**3 + q. Let z be k(1). What is the greatest common factor of z and g?
35
Suppose -895752 = -328*w - 20*w. Calculate the highest common divisor of w and 792.
198
Let b = -33 + 48. Let y be (-5*2)/((-1460)/37230). Calculate the greatest common factor of y and b.
15
Suppose -7*s = -2*s - 5*k - 2030, 0 = -5*s - 4*k + 2102. What is the highest common factor of 2106 and s?
18
Suppose -4*u + 4*n + 84 = 0, -n = 2*u - 16 - 23. Let l be u*1*(12 + -10). Calculate the highest common divisor of 32 and l.
8
Let i(u) = 50*u**2 + 1 - 3*u + 13*u - 41*u**2 + u**3. Let t be 99/(-15) + 4*3/(-30). Let k be i(t). Calculate the greatest common factor of 232 and k.
29
Let w = 1195 + -821. Suppose -2*o + 220 = 3*o. What is the greatest common factor of o and w?
22
Let o(k) = 4*k + 1. Let r(y) = -31*y - 21. Let x(a) = 24*o(a) + 3*r(a). Let p = 39 - 21. Let f be x(p). What is the greatest common divisor of f and 15?
15
Suppose -47 = -m - 4*t + 19, m - 63 = -3*t. Let f = m - 38. Suppose -4*l = -0*l + f, -3*h - 3*l = -6. What is the highest common divisor of 2 and h?
2
Suppose 130*q + 122*q = 66*q + 169260. Calculate the highest common divisor of q and 280.
70
Let v be (-4)/(8/(-2400)*8). What is the greatest common divisor of v and 400?
50
Suppose 4*o + 3*c - 376 = -c, -c = 3*o - 284. Suppose 206*d - 1320 = 2594. What is the greatest common factor of d and o?
19
Suppose -48 = -4*x - 0. Suppose 0 = -4*u - 5 + 17. Suppose -u*c = 3*v - 297, 0 = 4*c - 6*v + v - 369. Calculate the highest common divisor of c and x.
12
Let l(i) = -i**3 + 9*i**2 + 119*i - 174. Let m be l(-14). Calculate the highest common factor of m and 506.
46
Let d(z) = -z**3 + 17*z**2 + 265*z - 42. Let a be d(-12). Calculate the highest common factor of a and 530.
106
Suppose -2*c = -5*b - 257, 525 = 2*c - 3*b + 282. Calculate the greatest common factor of c and 8954.
37
Let p = -334 - -2230. Suppose 2*x + 3*a - 151 - 793 = 0, 2*a = -4*x + p. Calculate the highest common factor of 75 and x.
25
Let r(b) = 237*b - 57. Let o be r(10). Suppose -o - 651 = -38*g. What is the highest common factor of 12 and g?
6
Let b be 3754 - (26 - (-10 - -13)). Calculate the highest common divisor of 273 and b.
91
Let x(d) = -3*d**3 - 64*d**2 - 328*d. Let k be x(-19). Calculate the greatest common factor of 585 and k.
195
Suppose 28*l + 21*l - 67172 - 82278 = 0. What 